-8)/4*-2. Let q be (-77)/(-14) + y/4. Let n(p) = -7*p + 2. Let i(j) = q*l(j) - 7*n(j). What is i(-2)?
3
Suppose -3*q - 8 = -5*q. Let f(s) = 2376*s - 2 + 2396*s + 2*s**2 - 4775*s. Determine f(q).
18
Suppose 4*w + 0*w - d - 12 = 0, 4*w - 4*d = 24. Suppose 0*m + 16 = w*m. Let o(k) = m*k - 4*k + 12*k. Calculate o(-1).
-16
Let h(b) = -7*b - 8. Suppose -3*j = -4*p - 42 + 1, -4*j + 12 = 0. What is h(p)?
48
Let w(m) = m**3 - 2*m**2 - m - 1. Let n be (3 - 0) + -3 + 2. Let g be w(n). Let p(d) = -d**3 - 2*d**2 + 3*d + 2. What is p(g)?
2
Suppose -3*g - 13 = -3*s + 2, 2*s = g + 11. Let w(z) be the second derivative of z**3/6 - 13*z**2/2 - z. What is w(s)?
-7
Let z(x) = x**3 - 20*x**2 + 49*x + 43. Let c be z(17). Let d(b) = -b. Give d(c).
-9
Let p(m) = -m + 1. Let i(x) = -3*x**2 + 2*x - 7. Let n(f) = -i(f) - 6*p(f). Determine n(-3).
16
Let g(o) = 49*o**2 - 49*o - 2. Let u(b) = 11*b**2 - 12*b - 1. Let m(d) = -2*g(d) + 9*u(d). Give m(10).
-5
Let x(w) = -1 - 2 - w + 6. Let q(f) = -2*f**3 + 2*f**2 + 11*f - 21. Let c be q(2). Calculate x(c).
10
Suppose 3*g = 5 - 32. Let u(b) be the third derivative of -b**6/120 - 3*b**5/20 - 3*b**3/2 - 2*b**2 - b + 381. Determine u(g).
-9
Let y = -11 - -7. Let s be (2/y)/((-1)/(-6)). Let k(m) = 4 - 3*m - 3 - m**2 - m + 4*m**2 - 5*m**2. Determine k(s).
-5
Let a(d) = -2*d - 4. Let s be a(-5). Suppose 3*c = 3*l + c + s, -c + 3 = -4*l. Let t(p) = 4*p**2 - 5*p**3 - p + 1 - 2*p**2 - p**2 + l*p**3. Give t(1).
-4
Let p(v) = -v**2 - 19*v - 46. Let h be p(-16). Let l(a) be the first derivative of a**2/2 - 4*a - 2. Give l(h).
-2
Suppose -6*o - 2*q + 13 = -o, -4*o + 5*q = 16. Let x be 2 + 1 + (-3 - 0) + 2. Let s(r) = r + 0 - x*r**2 + 3*r**2 - 1 + 0. Calculate s(o).
1
Let v = -36 - -39. Suppose v*b + 6 = 21. Let p(t) = t**2 - 2*t - 5. Calculate p(b).
10
Let r(v) be the second derivative of -v**5/40 - v**4/4 + 11*v**3/6 - 7*v. Let h(c) be the second derivative of r(c). Let t be -1 - (1 - (0 - 2)). Give h(t).
6
Let d(y) = -4*y + 0 - 1 + y + 2. Let r(f) = -4*f + 2. Let q(v) = 7*d(v) - 5*r(v). Calculate q(-3).
0
Let f(g) = g**3 - 5*g**2 + 4*g + 4. Let h(r) be the third derivative of r**4/24 + 2*r**3/3 - 7*r**2. Let z be h(0). Give f(z).
4
Let h be ((15/(-10))/3)/((-1)/(-2)). Let c be -1 - h/((-1)/(-6)). Let n(m) = -m**3 + 5*m**2. Determine n(c).
0
Let r(c) = 2*c - 10*c**3 + 3 - 3*c**2 + 9*c**3 + 0*c**3. What is r(-3)?
-3
Suppose -29*w + 23 = -35. Let t be (2/(-5))/(1/(-5)). Let u(f) = -4*f - f**2 - t + 4 - w. Give u(-3).
3
Let b = -38 + 45. Let g(y) = y - 1. Let r(x) = x. Let h(o) = -6*g(o) + 5*r(o). Determine h(b).
-1
Let x(a) = -a**2 + 10*a - 12. Suppose 42 - 74 = -4*v. Determine x(v).
4
Let c(g) = -8*g**2 - 1. Let d = -54 - -61. Suppose d = -4*w + 3. Give c(w).
-9
Let b(o) be the third derivative of o**5/60 - o**4/4 + o**3/2 + 46*o**2. Calculate b(2).
-5
Let p(d) = -d**3 + 2*d**2 - d + 2. Suppose -3*n + 2 = 8. Let r be (-1 - -11 - 0) + n. Suppose -u = 3*u - r. Calculate p(u).
0
Suppose 33*w + 27 = 24*w. Let m(z) = -z - 6. Let o(u) = 14*u + 91. Let k(t) = 91*m(t) + 6*o(t). Give k(w).
21
Let h(x) be the first derivative of -x**3/3 + 5*x**2 + 3*x + 18. Calculate h(9).
12
Let k(a) = 7*a**2 - 3*a - 11. Let r(x) = -x - 5. Let h be r(-3). Let f(s) = 3*s**2 - 2*s - 5. Let i(l) = h*k(l) + 5*f(l). What is i(5)?
2
Let s be ((-2)/(-3))/(14/63). Let o(g) = g**3 - 4*g + 1. Give o(s).
16
Let q(y) = -3 + 524*y**2 - 3 + y - 3 - 532*y**2 - 2 - y**3. Determine q(-8).
-19
Suppose -12 = 20*s + 28. Let x(m) = 2*m + 2. Determine x(s).
-2
Let o(v) = 7*v**2 - 84*v + 14. Let n be o(12). Let w(s) = s + 18. What is w(n)?
32
Let g(k) = 3*k - 4 - 2*k + 2 + 3. Suppose 3*b = 2*l - 19, -2*l + 3*b + 29 = -2*b. Let h be l/(-8) + 13/4. Determine g(h).
4
Suppose a + 30 = -4*a. Let t(v) = 201*v**3 - 9 + 0*v - 4*v + 0 - 6*v**2 - 202*v**3. Calculate t(a).
15
Let m(o) = -42 - 28799*o**2 - 34*o + 14406*o**2 + 14395*o**2. Calculate m(18).
-6
Let k(g) = -g + 4. Let z(u) = 2*u**2 + 8*u + 2. Suppose -2*m - 4*m = 24. Let a be z(m). Calculate k(a).
2
Let s(x) = -2*x**2 + 3 + x**3 - 2*x**2 - x**2. Let n(g) = g**2 + 8*g + 15. Let y be n(-6). Suppose -20 = y*d - 35. Determine s(d).
3
Let o(n) = -2*n - 2. Let g(s) = 4*s + 3. Let z(b) = 6*g(b) + 13*o(b). Suppose 7*k + 10 = -32. Calculate z(k).
4
Let t(f) = -4 + 0 + 2*f - 3*f**2 - 2 + 13*f**2. Let j be (-20)/48*-3*-4. Let p(n) = 1. Let a(q) = j*p(q) - t(q). Determine a(1).
-11
Suppose 36*q + 25*q = 54*q. Let l(u) be the third derivative of -1/2*u**3 + 1/24*u**4 + u**2 + 0 + q*u. Determine l(-6).
-9
Let f be 2/(-2) - (2 + -4 + 0). Let k(q) = -q + 2*q**2 - 16*q**2 + f - q + 12*q**2. Give k(-2).
-3
Let r(f) = -2*f. Let u(a) = 3*a**2 + 36 - 4*a**2 - 26 - a + 0*a**2 + a**3. Let c be u(0). Suppose 3*p + 1 = 4*d, -d - 1 = p - c. Determine r(d).
-8
Let i be -3 - (3 - (3 + 2)). Let m(a) = 7*a**3 + 3*a**2 + a. Calculate m(i).
-5
Let j(b) be the first derivative of b**3/3 - b**2 + b - 55. Suppose -u + 2*u = 0. Suppose -3*a - 4*d - 1 = -10, 2*a - 3*d - 6 = u. What is j(a)?
4
Let y(g) = 5*g**2 - 2*g - 1. Let f be 28/6*(-8 - -5). Let t = f + 18. Let p = 3 - t. Give y(p).
6
Let s(p) be the first derivative of p**2 - 34*p - 11. Let l be s(17). Let t(h) = -h**2 - h - 9. What is t(l)?
-9
Let w(t) = -51*t + 14. Let o(b) = -140*b + 42. Let c(g) = -4*o(g) + 11*w(g). What is c(-8)?
-6
Let v(f) = -f**3 - 9*f**2 + 8*f - 13. Let l = -759 + 749. Give v(l).
7
Suppose 7*b = -8*b + 30. Let a(h) = 2*h + 0*h + 3*h + 1 - b*h**2. Determine a(4).
-11
Let g(i) = i**3 + 9*i**2 - 10*i + 14. Let w be (-6)/21 + (-40)/56 + -9. Give g(w).
14
Let s(q) be the first derivative of q**3/3 - q**2 + q + 148. Give s(-3).
16
Let t be -4 - (120/1)/3. Let p be 21/(-4) - 11/t. Let c = p - -11. Let q(j) = -j**3 + 5*j**2 + 8*j - 3. What is q(c)?
9
Let u(z) = -5*z**2 - 6*z - 3. Let a(s) = s**2 + 2*s + 1. Let i(v) = 4*a(v) + u(v). Calculate i(5).
-14
Suppose 5*k - 17 = 6*k. Let s(x) = 5*x**2 + 14*x + 3. Let t(a) = -14*a**2 - 41*a - 8. Let y(i) = k*s(i) - 6*t(i). Calculate y(8).
-3
Let s(y) = y**3 - 8*y**2 + 2*y + 8. Let p be s(8). Let z be p/(-16)*16/6. Let t(h) = -6*h**2 - h**3 + 0*h - 5*h + h**2. Calculate t(z).
4
Suppose 3*p + 3 = 2*p. Let q(x) = x**2 + 178 + x - 490 + 311. Give q(p).
5
Suppose 3*p + a = -21, -4*p - a = 4*a + 39. Let s(q) = -q**2 - 5*q + 13. What is s(p)?
7
Let a be ((-6)/9)/(5/(-15)). Let v = a + -8. Let z(r) = 44*r + r**3 + 3 + 6*r**2 - 25*r - 18*r. Calculate z(v).
-3
Let b(l) = 3*l + 3. Let i be -2*(1 + 1 - (-110)/(-44)). Calculate b(i).
6
Let d = -18 + 22. Suppose z - 2 = 2*x, -z + 3*z = 3*x + d. Let h(t) = -2 + t**z + 2*t + 5 - 5*t - 3*t. Determine h(6).
3
Let c be -43*(0 + 2/2). Let i = c + 48. Let w(s) be the first derivative of s**4/4 - 2*s**3 + 3*s**2 + 4*s + 2. What is w(i)?
9
Let j(t) = -5*t + 8. Let x(f) = -2*f + 3. Let z(s) = 3*j(s) - 8*x(s). Calculate z(10).
10
Let r(k) = 6*k + 71. Let l be r(0). Let a(b) = -4*b**2 + 2*b**2 + 63*b - l*b + 3*b**2 + 6. What is a(5)?
-9
Let g(b) be the first derivative of b**2/2 + 11*b - 47. Give g(0).
11
Let k(x) = -x**3 + 4*x**2 + x - 5. Let h be (-2 - (-5 - -4))*-3 + 1. Calculate k(h).
-1
Let a be 8 + 1 + -1 + -2. Let d be (-117)/(-27) - 8/6. Let i(f) = -d*f + f**2 + f + 2*f + 7 + a*f. Determine i(-6).
7
Let g(c) = 8*c - 1. Let o(m) = -3*m - 3 - 5*m + 4 + 3*m. Let u(j) = 3*g(j) + 5*o(j). Suppose -6*i = -2*i - 20. What is u(i)?
-3
Let t(p) = 8*p - 19 + 44 - 2*p**2 - 1 - 16 + 3*p**2. Let k(i) = -2*i + 3. Let z be k(5). Determine t(z).
1
Let i = -11 - -12. Let w be i - (-2 + 0)*-1. Let q be (0 - 1)*(5 + w). Let c(x) = x**3 + 3*x**2 - 7*x - 5. What is c(q)?
7
Let g(z) = z**2 + 17*z + 5. Suppose 14*r = 64*r + 800. What is g(r)?
-11
Let r(q) = q**2 - 2*q + 1. Let v(d) = -d**3 + 8*d**2 + 22*d - 8. Let f(k) = k + 1. Let h(g) = -f(g) + v(g). Let t be h(10). What is r(t)?
0
Suppose -16*b + 4 = -15*b. Suppose 4*k = -b*z + 24, 4*z = 5*z - 3. Let f(m) = m**3 - 1 + 0*m**2 + 3*m + m - 3*m**2. Determine f(k).
11
Let c(d) be the third derivative of d**5/60 + d**4/3 + 4*d**3/3 - 190*d**2 - 2*d. Give c(-7).
1
Let n(r) = r - 2. Suppose -x + 2*y = 9 - 2, -4*x + y = -7. Suppose -x*v = 3*j - 6, 2*j = -0 - 8. Give n(v).
4
Let q = -9 - -19. Let p(c) = c - 2*c + 3 + 2*c + q. Let r be ((-3)/(-2))/(6*13/(-468)). Determine p(r).
4
Let y(r) = r**2 + 7*r - 3. 